ors of 11999.
13, 71
What are the prime factors of 770881?
770881
What are the prime factors of 1120265?
5, 61, 3673
List the prime factors of 753698.
2, 11, 34259
List the prime factors of 44853.
3, 14951
List the prime factors of 174804.
2, 3, 7, 2081
What are the prime factors of 203203?
7, 11, 13, 29
List the prime factors of 921084.
2, 3, 76757
What are the prime factors of 305387?
19, 16073
What are the prime factors of 13000937?
17, 557, 1373
What are the prime factors of 1953927?
3, 107, 2029
What are the prime factors of 1914262?
2, 7, 136733
What are the prime factors of 118462?
2, 61, 971
What are the prime factors of 20588681?
31, 664151
List the prime factors of 22132018.
2, 47, 235447
List the prime factors of 595332.
2, 3, 23, 719
List the prime factors of 15103420.
2, 5, 755171
List the prime factors of 2513524.
2, 13, 48337
List the prime factors of 19892.
2, 4973
List the prime factors of 66031.
7, 9433
List the prime factors of 500989.
227, 2207
List the prime factors of 230323.
139, 1657
List the prime factors of 349994.
2, 103, 1699
What are the prime factors of 878227?
7, 17923
List the prime factors of 637560.
2, 3, 5, 7, 11, 23
List the prime factors of 28966818.
2, 3, 167, 28909
List the prime factors of 11986267.
137, 87491
What are the prime factors of 107166?
2, 3, 53, 337
What are the prime factors of 360856?
2, 43, 1049
List the prime factors of 375159.
3, 125053
What are the prime factors of 8587488?
2, 3, 7, 13, 983
List the prime factors of 95681.
163, 587
List the prime factors of 140799.
3, 46933
List the prime factors of 16362556.
2, 7, 584377
List the prime factors of 128502.
2, 3, 11, 59
What are the prime factors of 10395587?
97, 107171
What are the prime factors of 29354?
2, 13, 1129
List the prime factors of 6134416.
2, 17, 19, 1187
What are the prime factors of 156566?
2, 78283
What are the prime factors of 989264?
2, 17, 3637
List the prime factors of 428701.
7, 13, 673
List the prime factors of 86849.
7, 19, 653
What are the prime factors of 29863594?
2, 17, 71, 89, 139
List the prime factors of 9641830.
2, 5, 11, 23, 37, 103
List the prime factors of 531177.
3, 59, 3001
List the prime factors of 983024.
2, 7, 67, 131
List the prime factors of 17548200.
2, 3, 5, 9749
List the prime factors of 203687.
11, 18517
What are the prime factors of 7091434?
2, 7, 506531
List the prime factors of 14119659.
3, 683, 2297
List the prime factors of 6122373.
3, 2040791
List the prime factors of 412850.
2, 5, 23, 359
What are the prime factors of 2347238?
2, 419, 2801
List the prime factors of 737581.
13, 56737
What are the prime factors of 16199219?
16199219
What are the prime factors of 475725?
3, 5, 6343
What are the prime factors of 338074?
2, 11, 127
What are the prime factors of 314360?
2, 5, 29, 271
What are the prime factors of 9422944?
2, 294467
List the prime factors of 22923404.
2, 7, 47, 17419
List the prime factors of 15297525.
3, 5, 131, 173
List the prime factors of 952875.
3, 5, 7, 11
What are the prime factors of 318836?
2, 7, 59, 193
What are the prime factors of 116061?
3, 11, 3517
List the prime factors of 1297920.
2, 3, 5, 13
List the prime factors of 12201066.
2, 3, 71, 9547
What are the prime factors of 620704?
2, 7, 17, 163
What are the prime factors of 1892717?
181, 10457
List the prime factors of 141453.
3, 13, 31
List the prime factors of 1536201.
3, 170689
What are the prime factors of 3241500?
2, 3, 5, 2161
List the prime factors of 306419.
306419
List the prime factors of 1416312.
2, 3, 79, 83
What are the prime factors of 5339557?
439, 12163
List the prime factors of 719066.
2, 17, 21149
What are the prime factors of 465872?
2, 11, 2647
List the prime factors of 3929652.
2, 3, 17, 6421
What are the prime factors of 198078?
2, 3, 33013
What are the prime factors of 65743?
29, 2267
List the prime factors of 854690.
2, 5, 85469
What are the prime factors of 4102886?
2, 2051443
What are the prime factors of 6605551?
41, 73, 2207
What are the prime factors of 1325797?
11, 10957
What are the prime factors of 660584?
2, 71, 1163
What are the prime factors of 3168676?
2, 7, 113167
What are the prime factors of 206567?
17, 29, 419
What are the prime factors of 4946008?
2, 29, 21319
List the prime factors of 297119.
79, 3761
List the prime factors of 415107.
3, 7, 11, 599
List the prime factors of 597661.
29, 37, 557
What are the prime factors of 1509690?
2, 3, 5, 7, 13, 79
List the prime factors of 3338092.
2, 834523
List the prime factors of 8552598.
2, 3, 17, 191, 439
List the prime factors of 15784902.
2, 3, 7, 41759
List the prime factors of 4959061.
43, 115327
What are the prime factors of 3095205?
3, 5, 206347
List the prime factors of 901201.
7, 31, 4153
List the prime factors of 426801.
3, 113, 1259
What are the prime factors of 405449?
11, 29, 31, 41
What are the prime factors of 279979?
7, 23, 37, 47
List the prime factors of 19012690.
2, 5, 29, 53, 1237
List the prime factors of 360980.
2, 5, 18049
List the prime factors of 340127.
340127
List the prime factors of 30305.
5, 11, 19, 29
What are the prime factors of 2468699?
151, 16349
List the prime factors of 5900555.
5, 1180111
What are the prime factors of 2626396?
2, 656599
List the prime factors of 137901.
3, 43, 1069
What are the prime factors of 2477026?
2, 1097, 1129
What are the prime factors of 27248?
2, 13, 131
What are the prime factors of 324146?
2, 41, 59, 67
List the prime factors of 251475.
3, 5, 7, 479
What are the prime factors of 11687005?
5, 11, 37, 5743
List the prime factors of 834363.
3, 92707
What are the prime factors of 414144?
2, 3, 719
List the prime factors of 1161121.
13, 89317
What are the prime factors of 3056900?
2, 5, 7, 11, 397
List the prime factors of 5029722.
2, 3, 17, 5479
What are the prime factors of 2370879?
3, 7, 37633
List the prime factors of 30560.
2, 5, 191
What are the prime factors of 295921?
223, 1327
List the prime factors of 315887.
11, 13, 47
List the prime factors of 4144606.
2, 167, 12409
List the prime factors of 1591066.
2, 795533
List the prime factors of 434501.
434501
What are the prime factors of 182966?
2, 7, 1867
What are the prime factors of 11410521?
3, 3803507
List the prime factors of 19310305.
5, 7, 551723
List the prime factors of 9293628.
2, 3, 17, 45557
List the prime factors of 785364.
2, 3, 65447
What are the prime factors of 177716?
2, 7, 11, 577
List the prime factors of 3336445.
5, 7, 95327
List the prime factors of 101538.
2, 3, 5641
List the prime factors of 33580795.
5, 47, 142897
What are the prime factors of 13543992?
2, 3, 7, 11, 349
What are the prime factors of 6411488?
2, 191, 1049
What are the prime factors of 1905758?
2, 223, 4273
List the prime factors of 866334.
2, 3, 7, 20627
What are the prime factors of 82448?
2, 5153
What are the prime factors of 1027737?
3, 114193
What are the prime factors of 151235?
5, 7, 29, 149
List the prime factors of 1124996.
2, 281249
What are the prime factors of 12663061?
83, 152567
List the prime factors of 348132.
2, 3, 67, 433
What are the prime factors of 69098?
2, 34549
List the prime factors of 22417056.
2, 3, 277, 281
What are the prime factors of 38074?
2, 19037
What are the prime factors of 901244?
2, 233, 967
What are the prime factors of 748673?
23, 43, 757
What are the prime factors of 4719550?
2, 5, 11, 8581
What are the prime factors of 3928255?
5, 785651
What are the prime factors of 500708?
2, 13, 9629
What are the prime factors of 2354764?
2, 479, 1229
What are the prime factors of 730733?
23, 31771
List the prime factors of 16706607.
3, 53, 179, 587
List the prime factors of 2146170.
2, 3, 5, 13, 5503
What are the prime factors of 60203?
11, 13, 421
List the prime factors of 134040.
2, 3, 5, 1117
What are the prime factors of 2723717?
2723717
What are the prime factors of 1208936?
2, 349, 433
What are the prime factors of 5403836?
2, 1350959
List the prime factors of 125596.
2, 17, 1847
List the prime factors of 4697608.
2, 587201
List the prime factors of 254631.
3, 13, 6529
List the prime factors of 12405.
3, 5, 827
List the prime factors of 28650709.
23, 1245683
List the prime factors of 2220296.
2, 13, 37, 577
What are the prime factors of 6513073?
7, 37, 25147
List the prime factors of 26